s of y?
2
Let b = -8 + 13. List the prime factors of b.
5
List the prime factors of 2/8 - 8/((-32)/707).
3, 59
Let r(h) = -4*h**2 - 8*h - 1. Let s(x) = -x**2 - x - 1. Let y(m) = r(m) - 5*s(m). Let v be y(3). List the prime factors of (-3 + -3)*(-6)/v.
3
Suppose 91 + 784 = 5*m. List the prime factors of m/21 - (-2)/3.
3
Let g(i) be the third derivative of 0 - 5/24*i**4 + i**2 - 3/2*i**3 + 1/60*i**5 + 0*i. List the prime factors of g(7).
5
Suppose 83*d = 79*d + 1372. List the prime factors of d.
7
Let i be (12 - 5)*(1 - 2). Let d be 1 - (2 + 1) - i. Suppose 1 = -2*b + d. What are the prime factors of b?
2
Let k(s) = s - 2. Let l(q) = -q**2 + 6*q - 8. Let g be l(6). Let p = g - -13. What are the prime factors of k(p)?
3
Let a(j) = j**3 + 9*j**2 + 7*j - 10. Let d be a(-8). Let s be 194/(-18) + d/9. Let i = s - -15. List the prime factors of i.
2
Let v(i) = i**2 - 2*i - 4. Let k be v(3). Suppose -u = 4*u - 5. What are the prime factors of -2 - (u/k + -10)?
3
Let b = 35 - 22. Suppose -3*m + 2*c = -b, -m + 4*m = -4*c - 17. Let f = m - -6. List the prime factors of f.
7
Let c(f) = -2*f + 4. Let a(r) = r - 5. Let z be a(7). Suppose -13 = z*k - s, -2*s = -3*k - 11 - 9. List the prime factors of c(k).
2
Suppose 35 = a + 7. Suppose 28 = 2*g - 4*b, 2*b + 2*b = -2*g + a. What are the prime factors of g?
2, 7
Suppose 6*f - 5*f = -6. Let w(q) = -q**3 - 5*q**2 + 5*q - 2. Let l be w(f). Suppose -3*n + l = -n. What are the prime factors of n?
2
Suppose -2*b - 3*k + 3 = -3*b, -b = -k + 7. Let i = 3 - b. Suppose n + 2*n = i. What are the prime factors of n?
2
Let d = -5 + 6. Let y be (21/7)/(d/1). Suppose 5*o + 55 = -c + 6*c, y*c - 5 = -4*o. List the prime factors of c.
7
Suppose 5*k = 5*m, -3*m - 6 + 2 = k. List the prime factors of m + -2 - 92/(-4).
2, 5
Suppose 0 = -5*f - 26 - 4. Let x(g) = -2*g**2 - 16 + 21 - 4*g**2 - 2*g - g**3. List the prime factors of x(f).
17
Let a(x) be the first derivative of 0*x + 1 + 1/2*x**2. List the prime factors of a(5).
5
Let v = -17 - -55. List the prime factors of v.
2, 19
Suppose -w - y + 8 = 0, -4*y = -3*w - 0*y - 11. List the prime factors of w.
3
Let p(x) = x**2 + 4. Let f be p(4). Let l = 4 - 2. Suppose 5*j = -f, -3*g + 3*j + l*j = -47. List the prime factors of g.
3
Suppose -2*h - 4*d = -26, 3*h = -h + d + 25. Suppose -h*g + g = -126. List the prime factors of g.
3, 7
Suppose 0 = 5*l - 5*z + 5, l = -2*l + 2*z - 3. What are the prime factors of (l/(-2))/((-3)/(-228))?
2, 19
Suppose -4*g - 208 + 888 = 0. What are the prime factors of g?
2, 5, 17
Suppose -3*w = x - 1125, -x = 4*x + 15. List the prime factors of w.
2, 47
What are the prime factors of -3 + -1 - (-300 - -6)?
2, 5, 29
Let h = 2 + 4. Suppose -3*f = -5*f + h. Suppose 0 = f*k + 5*t - 23, 4*k - 18 = 2*k - 2*t. What are the prime factors of k?
11
Let t(q) = q**2. Let y be -3*((-12)/9)/(-1). List the prime factors of t(y).
2
Let t(z) = -5*z - 9. Suppose -5*m - 38 - 2 = 0. List the prime factors of t(m).
31
Let x(a) be the second derivative of 5*a**3/6 - a**2 + 4*a. What are the prime factors of x(2)?
2
Let k = 697 - 412. Suppose 5*r - 8 = 4*v + k, -3*v - 6 = 0. What are the prime factors of r?
3, 19
Suppose -3*w = 2*w. Suppose w = -5*d + s + 105, -2*d + 2*s - 7*s = -69. List the prime factors of d.
2, 11
Suppose -10 = 4*x + 10. Let b = -5 - x. Let m = 6 - b. What are the prime factors of m?
2, 3
Let r = -104 - -231. Let v = -75 + r. List the prime factors of v.
2, 13
Let s be (-12)/8 - 33/(-2). Suppose 18 + s = 3*n. What are the prime factors of n?
11
Let r(s) = 6*s + 18. Let d(l) = -l - 1. Let t(v) = 5*d(v) + r(v). What are the prime factors of t(-10)?
3
Let b be (-12)/5*75/(-6). Suppose b = 3*l - l. Suppose r = 2*k - 11, r = 3*k - 0*r - l. List the prime factors of k.
2
Suppose 0 = -9*f + 4*f - 175. Let k = f + 61. What are the prime factors of k?
2, 13
Let d(h) = 3*h + 1. Let u be (-21)/12 - (-1)/(-4). Let a be d(u). Let y(r) = r**3 + 5*r**2 - r - 1. List the prime factors of y(a).
2
Let k(w) = -w - 7. Let n(z) = -z + 1. Let x(d) = k(d) - 3*n(d). List the prime factors of x(11).
2, 3
Suppose 2 = 5*y - 3. Let z be (y + 0)*(4 + 1). Suppose n = z + 3. What are the prime factors of n?
2
List the prime factors of -4 + 4 + (-4 - -30).
2, 13
What are the prime factors of (226/(-4))/((-5)/10)?
113
Let x(w) = -3*w - 3. Let j be x(-5). Let y be -1*2/(-4)*j. Suppose y*z - 10 = z. What are the prime factors of z?
2
Let a(b) = -b**3 - 5*b**2 - b + 2. Let s be a(-5). Let r be (-2 - -2 - -1)*s. Let g = r + 4. List the prime factors of g.
11
Suppose -4*o - 107 = -l, o - 139 = -l - 3*o. List the prime factors of l.
3, 41
Let i(g) = -2*g**2 - 10*g - 13. Let w(j) = -j**2 - 7 + 0*j - 8*j + 3*j. Let q(c) = -4*i(c) + 7*w(c). What are the prime factors of q(-7)?
17
Let b(r) be the second derivative of r**4/12 - 5*r**3/3 + 3*r**2/2 + 4*r. What are the prime factors of b(11)?
2, 7
Let h be 3 - (4 - 0)/(-2). Suppose -4*s + 6*m + 74 = 4*m, h*s - 87 = -3*m. List the prime factors of s.
2, 3
Let f = 2 + -2. Let p(h) = -h - 5. Let s be p(-7). Let m = f + s. What are the prime factors of m?
2
Suppose -5*s + 6 = 4*z - 37, 5*z = -3*s + 44. Let y(r) be the third derivative of r**4/24 - r**2. What are the prime factors of y(z)?
7
Suppose 3*h - 2*n - 594 = -0*h, 3*n = 5*h - 989. What are the prime factors of h?
2, 7
Let g = -9 + 9. Suppose g*d - 20 = -2*d. List the prime factors of d.
2, 5
Suppose -5*s + 5*f + 26 = f, 3*s + 5*f - 23 = 0. Suppose 4*y = 2*d - 8, 13 = 2*d + y - s*y. What are the prime factors of (-28)/10*(d - -1)?
2, 7
Let f(l) = -l**3 + 5*l**2 - 2. Let h be f(2). Suppose 2*o + 12 = -n, 4*n - n + 6 = 0. Let g = h + o. List the prime factors of g.
5
Suppose 0 = -12*a + 7*a + 175. What are the prime factors of a?
5, 7
Suppose 4*h - 21 = -4*n - 257, -4*n + 5*h = 263. Let q = n - -107. Suppose -j - 4*j = -q. List the prime factors of j.
3
Let c = 64 - 25. What are the prime factors of c?
3, 13
List the prime factors of (-8 + -3)*1*-3.
3, 11
What are the prime factors of 11/((-55)/(-690)) - -3?
3, 47
Let h be (-21)/(-4) + (-2)/8. Suppose 5*x + 4*g = 87, -3*x - h*g = -g - 57. What are the prime factors of x?
3, 5
Let n = -26 + 62. Let r = n + -21. List the prime factors of r.
3, 5
Suppose 0*f - 3*f = -15. Suppose -4*k + 36 = -f*r - 5, -2*r + 34 = 2*k. List the prime factors of k.
2, 7
Let n = -30 + 36. List the prime factors of n.
2, 3
Let z(l) = l**2 + l + 2. What are the prime factors of z(-5)?
2, 11
Let a(p) = -2*p**3 - 2*p**2 + 3*p + 2. Let u be a(-2). Suppose l + 48 = u*l. List the prime factors of l.
2
Let y be 0 - (-2 + 0) - -6. Let c(l) be the third derivative of -l**5/60 + 11*l**4/24 - 11*l**3/6 - 3*l**2. What are the prime factors of c(y)?
13
Let p = 381 + -232. What are the prime factors of p?
149
Let n(m) = -m**3 + 3*m**2 + 2*m**3 - 2*m**3 + 3*m. What are the prime factors of n(3)?
3
Suppose 4*g + 0*g + 12 = 4*h, 5*g = 3*h - 7. Suppose -z - g + 5 = 0. Suppose z*m + 6 = 38. List the prime factors of m.
2
Let k(x) = 2*x + 27. Let y be k(-11). Let o be ((-2)/4)/(2/(-124)). Suppose 5 = 4*w - s - 18, y*w = 2*s + o. List the prime factors of w.
5
Suppose 4*d + 4*o + 16 = 3*d, d - 2*o = 2. What are the prime factors of 3 - ((-16)/d)/(-4)?
2
Let h = -274 + 132. What are the prime factors of 1/4 - h/8?
2, 3
Let u(s) = -s**3 - 10*s**2 - 8*s. What are the prime factors of u(-10)?
2, 5
Let w(p) = 2*p**3 - 2*p**2 - 3*p + 3. Let b be w(2). Suppose 0 = b*r + 5*l - 105, 0*l = 2*r - 4*l - 48. What are the prime factors of r?
2, 11
Let l(u) = 3*u + 7. Let d be l(-5). Let h be 15/12*d/(-2). Suppose -h*w + 71 - 16 = 0. What are the prime factors of w?
11
Let r = 42 - 23. What are the prime factors of r?
19
Suppose 3*j - 24 = -5*s, 2*s + 8 = 4*j + 2. List the prime factors of (0 - 1)*-7*j.
3, 7
Let o(j) = -6*j - 40. List the prime factors of o(-16).
2, 7
Suppose 4081 = 15*v - 4*v. What are the prime factors of v?
7, 53
Let l(p) = -p**3 - 5*p**2 + 5. Let x be l(-5). Suppose 3*z - 148 = -5*c, -x*z - 4*c = -242 + 17. Suppose 8 = -3*m + z. What are the prime factors of m?
11
Suppose -2*v = 2*i - 16, 0 = -2*i - 4*v + 12 + 12. Let l(k) = -k**2 - 7*k + 5. Let w be l(-5). Suppose -i*s = -s - w. List the prime factors of s.
5
List the prime factors of (-4 - -72) + -1 - 4.
3, 7
Suppose 16*h + 2405 - 6789 =